False
Is 57 a factor of 182571?
True
Is 3029070 a multiple of 15?
True
Does 37 divide 109372?
True
Is 98664 a multiple of 2?
True
Does 16 divide 11057?
False
Is 829 a factor of 1701108?
True
Is 214737 a multiple of 113?
False
Is 421921 a multiple of 29?
True
Does 453 divide 5542908?
True
Is 16 a factor of 255264?
True
Is 240 a factor of 460359?
False
Does 88 divide 156606?
False
Does 3 divide 25893?
True
Is 1504568 a multiple of 442?
True
Is 98400 a multiple of 300?
True
Is 369200 a multiple of 269?
False
Is 123 a factor of 53072?
False
Is 22665 a multiple of 15?
True
Is 44 a factor of 150513?
False
Is 426 a factor of 1150373?
False
Is 5 a factor of 498843?
False
Is 8040 a multiple of 15?
True
Is 396 a factor of 2695375?
False
Is 6 a factor of 2951988?
True
Is 522235 a multiple of 347?
True
Does 49 divide 279604?
False
Does 14 divide 113022?
True
Is 13 a factor of 5252676?
True
Is 176168 a multiple of 19?
True
Is 328 a factor of 1661320?
True
Is 16082 a multiple of 34?
True
Does 18 divide 521136?
True
Is 11752 a multiple of 226?
True
Does 16 divide 1372233?
False
Is 109380 a multiple of 6?
True
Is 88 a factor of 272712?
True
Does 362 divide 743910?
True
Does 2 divide 5971?
False
Is 19762535 a multiple of 13?
True
Does 35 divide 337052?
False
Does 2171 divide 16080597?
True
Is 552616 a multiple of 67?
True
Is 608 a factor of 4150208?
True
Is 469908 a multiple of 19?
True
Is 239246 a multiple of 37?
False
Is 46904 a multiple of 8?
True
Is 218096 a multiple of 172?
True
Is 1080214 a multiple of 34?
True
Is 8 a factor of 408262?
False
Is 92 a factor of 398292?
False
Is 9 a factor of 16997337?
True
Is 398 a factor of 613318?
True
Is 457149 a multiple of 11?
True
Is 128648 a multiple of 258?
False
Is 2874600 a multiple of 72?
True
Is 67344 a multiple of 64?
False
Does 22 divide 476256?
True
Is 137 a factor of 539232?
True
Is 442 a factor of 4510610?
True
Is 17 a factor of 2890?
True
Is 727277 a multiple of 20?
False
Is 733624 a multiple of 8?
True
Is 33 a factor of 170620?
False
Does 4 divide 3175104?
True
Does 66 divide 422466?
True
Is 63 a factor of 3067644?
False
Is 379438 a multiple of 115?
False
Is 98 a factor of 14053102?
True
Does 30 divide 44520?
True
Is 605873 a multiple of 144?
False
Is 35 a factor of 2694695?
False
Is 87 a factor of 4345370?
False
Is 11 a factor of 3799323?
True
Is 34 a factor of 2376294?
True
Does 492 divide 734858?
False
Is 150228 a multiple of 26?
True
Does 13 divide 70148?
True
Is 24 a factor of 72?
True
Does 96 divide 5178177?
False
Is 11 a factor of 43989?
True
Does 40 divide 71619?
False
Does 6 divide 84210?
True
Does 18 divide 23481?
False
Is 1282 a factor of 16663417?
False
Is 10 a factor of 45790?
True
Does 70 divide 22260?
True
Does 424 divide 3492912?
True
Does 144 divide 250704?
True
Is 55893 a multiple of 24?
False
Is 4 a factor of 231010?
False
Is 9662991 a multiple of 18?
False
Does 7 divide 307662?
False
Is 196097 a multiple of 471?
False
Is 752340 a multiple of 15?
True
Does 56 divide 463792?
True
Is 11389721 a multiple of 16?
False
Is 7 a factor of 5600098?
True
Is 204 a factor of 48756?
True
Does 25 divide 122625?
True
Is 1384422 a multiple of 13?
True
Is 380080 a multiple of 20?
True
Is 55 a factor of 8559397?
False
Is 8 a factor of 10419148?
False
Does 26 divide 4933647?
False
Is 39 a factor of 49314?
False
Does 35 divide 40775?
True
Does 35 divide 22445?
False
Is 705808 a multiple of 93?
False
Is 1193350 a multiple of 14?
False
Is 7 a factor of 286062?
True
Is 26 a factor of 1961233?
False
Is 154304 a multiple of 16?
True
Is 107 a factor of 927262?
True
Is 72 a factor of 843696?
True
Is 6460 a multiple of 25?
False
Is 6365106 a multiple of 233?
False
Is 13 a factor of 7119753?
False
Does 15 divide 4125362?
False
Is 8 a factor of 54192?
True
Does 1074 divide 14310585?
False
Does 348 divide 104748?
True
Is 1260 a factor of 5306825?
False
Is 726912 a multiple of 288?
True
Is 5220348 a multiple of 12?
True
Does 60 divide 1125667?
False
Is 71 a factor of 17253?
True
Is 187900 a multiple of 100?
True
Is 3892564 a multiple of 13?
True
Does 14 divide 10512768?
True
Is 249 a factor of 85688?
False
Is 14319815 a multiple of 12?
False
Is 3 a factor of 6837?
True
Is 6793930 a multiple of 22?
True
Is 220455 a multiple of 23?
True
Does 14 divide 56764?
False
Does 55 divide 778360?
True
Is 49083 a multiple of 4?
False
Does 142 divide 136746?
True
Is 5 a factor of 350650?
True
Is 10038024 a multiple of 354?
True
Is 222 a factor of 8014821?
False
Is 7 a factor of 5683728?
False
Is 8 a factor of 59335?
False
Is 396930 a multiple of 131?
True
Does 19 divide 2716335?
True
Is 29 a factor of 4300642?
True
Does 117 divide 11676834?
True
Is 2 a factor of 115285?
False
Does 109 divide 8595625?
False
Is 66 a factor of 207108?
True
Is 263 a factor of 404274?
False
Is 519436 a multiple of 76?
False
Does 14 divide 1927828?
True
Is 43 a factor of 5078526?
False
Does 5 divide 3391072?
False
Does 3 divide 25641?
True
Is 52394 a multiple of 10?
False
Is 8185 a multiple of 27?
False
Does 283 divide 957616?
False
Does 13 divide 444860?
True
Is 8 a factor of 852088?
True
Is 32 a factor of 1547008?
True
Does 101 divide 155676?
False
Does 474 divide 177971?
False
Is 253880 a multiple of 11?
True
Is 445 a factor of 493586?
False
Does 5 divide 113703?
False
Is 946 a factor of 14058712?
False
Does 15 divide 179501?
False
Is 36 a factor of 64267?
False
Is 367029 a multiple of 22?
False
Is 1029195 a multiple of 45?
True
Does 287 divide 103033?
True
Does 116 divide 442018?
False
Is 24 a factor of 49464?
True
Is 777192 a multiple of 26?
True
Is 1093 a factor of 4050762?
False
Is 2101 a factor of 2273282?
True
Is 1458624 a multiple of 856?
True
Is 194051 a multiple of 253?
True
Is 101792 a multiple of 31?
False
Is 39 a factor of 3883932?
True
Is 169 a factor of 504634?
True
Does 169 divide 12313238?
False
Is 292 a factor of 442180?
False
Does 516 divide 503866?
False
Does 9 divide 102402?
True
Is 86 a factor of 426842?
False
Does 175 divide 1811477?
False
Is 42530 a multiple of 11?
False
Is 676396 a multiple of 176?
False
Does 9 divide 305928?
True
Is 43 a factor of 8349310?
True
Is 474496 a multiple of 16?
True
Does 8 divide 34244?
False
Is 51537 a multiple of 123?
True
Does 274 divide 96051?
False
Is 6098181 a multiple of 291?
False
Is 1900424 a multiple of 8?
True
Is 40105 a multiple of 65?
True
Does 17 divide 699091?
True
Is 42 a factor of 1241460?
False
Is 2094101 a multiple of 23?
False
Is 14 a factor of 13634361?
False
Is 266 a factor of 82460?
True
Is 35 a factor of 348249?
False
Does 83 divide 55610?
True
Is 15 a factor of 605955?
True
Does 325 divide 1541898?
False
Does 15 divide 384915?
True
Is 452166 a multiple of 374?
True
Does 31 divide 320292?
True
Is 12 a factor of 95102?
False
Does 270 divide 318574?
False
Does 23 divide 21919?
True
Is 40 a factor of 274832?
False
Does 37 divide 763069?
False
Does 187 divide 153714?
True
Is 510 a factor of 86700?
True
Does 322 divide 379638?
True
Is 28920 a multiple of 5?
True
Is 1175 a factor of 16538125?
True
Is 607220 a multiple of 25?
False
Does 69 divide 366390?
True
Is 518076 a multiple of 12?
True
Is 5687391 a multiple of 400?
False
Does 1688 divide 26331112?
True
Does 15 divide 44385?
True
Does 23 divide 7925293?
False
Does 28 divide 138009?
False
Does 379 divide 141711?
False
Does 256 divide 3093839?
False
Does 15 divide 2179036?
False
Is 6 a factor of 40001?
False
Does 47 divide 1039358?
True
Does 240 divide 1669545?
False
Is 198 a factor of 1176748?
False
Does 34 divide 752886?
False
Is 610144 a multiple of 16?
True
Is 368092 a multiple of 355?
False
Does 14 divide 949774?
True
Does 10 divide 983910?
True
Is 1399680 a multiple of 12?
True
Is 518098 a multiple of 161?
True
Does 207 divide 304290?
True
Is 164 a factor of 39196?
True
Is 463827 a multiple of 163?
False
Does 92 divide 66192?
False
Is 856595 a multiple of 2?
False
Is 12757880 a multiple of 10?
True
Is 12 a factor of 1146084?
True
Does 45 divide 22860?
True
Is 37 a factor of 154563?
False
Does 3 divide 1391889?
True
Is 304 a factor of 290335?
False
Is 15 a factor of 52440?
True
Does 6 divide 125118?
True
Does 92 divide 602690?
False
Is 506056 a multiple of 488?
True
Is 6 a factor of 70632?
True
Is 4673021 a multiple of